ivisor of i and 7?
7
Let z(p) = 5*p + 67. Let s be z(-8). Calculate the highest common divisor of s and 243.
27
Suppose 12*l = 31 + 4577. What is the highest common factor of l and 36?
12
Let k = -20 - -10. Let s be (2/2)/((-2)/k). Suppose 2*r + 270 = s*r. What is the greatest common divisor of r and 18?
18
Let v be ((-97)/3 + 1)*3. Let z be v/8 - 2/8. Let d = -10 - z. What is the greatest common divisor of 10 and d?
2
Let p be ((-209)/22 - -12)/(1/84). Calculate the greatest common factor of p and 480.
30
Let g(u) = -u + 2. Let k be g(0). Suppose k*i = 6*i - 12. Suppose -i*a = -2*a + m - 19, 3*a + m = 61. Calculate the greatest common factor of a and 189.
21
Suppose 4*r - 2*l - 68 = -7*l, 2*l = -3*r + 44. Let p(i) = -4*i + 14. Let t be p(6). Let u be 1*106 + (-20)/t. Calculate the highest common divisor of u and r.
12
Suppose 5 = -0*r - 3*r + 5*u, -2*u = 3*r + 19. Let s = -3 - r. Suppose 4*v - s*x - 38 = 0, -v + 39 = v + 3*x. Calculate the highest common divisor of v and 6.
6
Suppose -16*y = -13*y - 12, 2*x = 3*y + 142. Calculate the greatest common divisor of x and 35.
7
Suppose -6 = -4*b + 10. Let t = 5 - b. Let x = -82 + 90. Calculate the greatest common factor of t and x.
1
Suppose -4*a = h - 3939, 3*a = -5*h - 654 + 3587. Calculate the greatest common factor of a and 58.
58
Suppose -3813 = -108*z + 10011. Calculate the greatest common factor of 2 and z.
2
Let b = 169 - 29. Calculate the highest common divisor of b and 80.
20
Let r = -3 - -23. Let n be (-1)/1*1 + 0. Let t be (3 - n)/(2/5). Calculate the highest common factor of r and t.
10
Let d(k) = k**2 + k + 19. Let f be d(4). Calculate the greatest common factor of 104 and f.
13
Suppose -4*q + 125 = -155. Suppose -2*m = -7*m + q. Calculate the highest common divisor of m and 98.
14
Suppose -5*v = 2*y - 22, -5*y + 3*y = -v - 34. What is the greatest common divisor of 316 and y?
4
Suppose -6 = 3*j - 18, -5*d = 4*j + 169. Let n = 7 - d. What is the highest common factor of n and 44?
44
Let x be 6*4/((-48)/(-10)). Suppose -x*q = 2*s - 32, -q = 5*s - 2*s - 9. Let g be q/(-10) + (-303)/(-5). Calculate the greatest common divisor of g and 24.
12
Let m(s) = 30*s + 930. Let t be m(-29). Calculate the greatest common divisor of t and 195.
15
Suppose -7*i - 11 + 60 = 0. Suppose 0 = -i*y + 40 + 121. What is the greatest common divisor of 92 and y?
23
Let u be (22/(-5))/((-5)/50). Let n = 51 - u. What is the highest common factor of 63 and n?
7
Let o(h) = -4*h - 5. Let g be o(2). Let u(x) = -x - 8. Let z be u(g). Calculate the highest common factor of 45 and z.
5
Let j = -270 + 290. What is the greatest common factor of j and 4?
4
Suppose 7*m - 3*m + b - 626 = 0, -m - 4*b = -164. Calculate the highest common factor of m and 72.
12
Let m = -95 + 105. Calculate the highest common divisor of m and 50.
10
Let c(t) = -t**2 + 26*t - 48. Let z be c(6). Let f = -11 + 23. What is the highest common factor of f and z?
12
Suppose 0 = k - 5*t - 7, 7*t + 15 = k + 10*t. Calculate the highest common divisor of 492 and k.
12
Let s be 1/(-1 - (-552)/546). Let y = s - 39. What is the greatest common factor of 104 and y?
52
Let q(n) = -n**2 + n**2 + n**2 + 6 - 5*n + 0*n**2. Let g be q(7). What is the highest common factor of 10 and g?
10
Let o = 26 - 1. Let v(k) = 4*k + 10. Let u be v(-7). Let c = 93 + u. What is the highest common factor of c and o?
25
Let g(n) = 4*n - 10. Let k be g(5). Let m = k - -16. Let p = 29 - m. What is the highest common divisor of 3 and p?
3
Let n(a) be the third derivative of 5*a**4/24 - 41*a**3/6 + 32*a**2. Let d be n(9). Calculate the highest common divisor of 36 and d.
4
Suppose -5*c = -0*c - 10. Let r(m) = 5*m + 1. Let a be r(1). What is the highest common divisor of a and c?
2
Let i(p) = 57*p**2 + 35*p - 36. Let k be i(1). Calculate the greatest common divisor of k and 133.
7
Let c(x) = x. Let y(t) = -t**2 - 16*t - 19. Let m(r) = -2*c(r) + y(r). Let b be m(-15). What is the greatest common divisor of b and 26?
26
Let f be (1 + 15)*((-18)/(-4) + -2). Suppose 0 = 7*z - 2*z - f. What is the highest common divisor of 32 and z?
8
Suppose 2*s - 161 = 49. Let q = 256 - 235. Calculate the highest common factor of s and q.
21
Let a(q) = q - 2. Let n be a(4). Let z = 942 - 941. Calculate the highest common divisor of n and z.
1
Let v be 1*4*4/(-4) + 17. What is the greatest common factor of 637 and v?
13
Let t(k) = 3*k + 5. Let y be t(9). What is the greatest common divisor of y and 144?
16
Let r be 76/3 + (-4)/(-6). Suppose -35 = -4*c - c. Suppose 523 = 5*p + 3*l, -2*p = -c*p - l + 521. Calculate the highest common factor of r and p.
26
Let p = -968 + 980. What is the greatest common divisor of 1416 and p?
12
Suppose 97*h - 14706 = 78*h. What is the highest common divisor of 18 and h?
18
Let s be (-14)/6*(3 - 42/2). Suppose 0*m + m = 10. Let r be (8/m)/(4/30). Calculate the greatest common divisor of s and r.
6
Let o = 26 + -26. Suppose 5*a - 6*a + 63 = o. What is the highest common factor of a and 7?
7
Suppose -2*r - 754 = -4*n - 4*r, -2*n - 2*r + 376 = 0. Calculate the highest common factor of n and 105.
21
Suppose 0 = -39*d - 22*d + 976. Calculate the highest common factor of 100 and d.
4
Suppose -4*i - 73 = 3*s - 16, 4*i + 63 = -5*s. Let w be 6/i + (-25)/(-2). Let n be (-910)/(-50) - (-1)/(-5). What is the highest common divisor of n and w?
6
Let j(u) = -8*u - 74. Let a be j(-11). What is the highest common divisor of a and 56?
14
Suppose -2*f - 4*n + 345 + 173 = 0, -f + 3*n + 244 = 0. Let z be -1 + (0 - -164) - -2. Let v = f - z. Calculate the greatest common divisor of 8 and v.
8
Let w be 3 - 1 - (-1)/((-9)/(-9)). Calculate the highest common divisor of 6 and w.
3
Let h = 172 - 116. What is the greatest common divisor of 8 and h?
8
Suppose -2*w = 3*w - 10. Let a be (-3 - (-12)/8)*-2. What is the greatest common factor of a and w?
1
Let r(p) = p - 2. Let b be r(5). Suppose 0 = 4*f + 22 - 70. What is the greatest common divisor of b and f?
3
Let h be (-2)/(3 + (-34)/10). Suppose h = -n + 3. Let l be ((-2)/(-5))/(n/(-30)). What is the highest common factor of l and 54?
6
Let n = -1 + 4. Let w(y) = -y**2 + 6*y - 7. Let d be w(n). Suppose -63 = -7*c + d*c - 2*g, 0 = 5*g - 20. Calculate the greatest common divisor of 11 and c.
11
Let o = -167 + 168. Let k be (-1 - -3) + 2 - (-60)/o. Let m = 0 + 8. Calculate the greatest common factor of m and k.
8
Let y(q) = -2*q - q**3 - 379 + 0*q**3 + 373 - 4*q**2. Let i be y(-4). What is the greatest common divisor of i and 10?
2
Let k be 1/((-12)/(-62)) - 49/294. Suppose -13*p = k*p - 414. Calculate the highest common divisor of p and 46.
23
Let q be 132*1 - 960/(-120). Let z(k) = 4*k**2 - k + 2. Let i be z(3). Calculate the greatest common divisor of i and q.
35
Let p(o) = -20*o - 612. Let s be p(-39). What is the greatest common divisor of 360 and s?
24
Suppose 41*s - 4125 = 8*s. Let f be 0 + 0 + (21 - -4). What is the highest common divisor of s and f?
25
Let n = -123 + 459. What is the greatest common factor of 210 and n?
42
Let w(u) be the third derivative of -7*u**4/24 - 13*u**3/3 + 35*u**2. Let g be w(-5). Calculate the highest common divisor of g and 63.
9
Let x = -17 + 6. Let q be (x/4)/((-4)/16). What is the highest common divisor of 88 and q?
11
Let x(r) = 13*r**2 - 3*r**2 + 2*r - 1 - 1 - 4. Let p be x(-2). Calculate the greatest common divisor of p and 6.
6
Let h = -37 - -55. Let y be (-3)/((-75)/190) - 2/(-5). Let z(n) = 7*n - 29. Let j be z(y). What is the highest common factor of j and h?
9
Suppose 2*z - 3*z = 5*k - 10, -4*k = 2*z - 14. Suppose 5 = 5*m + 15, -607 = -5*y + m. Let r = -96 + y. What is the greatest common divisor of r and z?
5
Let p(i) = -i - 1. Let v be p(-6). Suppose 8*m + 5*s = 10*m + 21, 0 = 4*m + 5*s - 33. What is the highest common divisor of m and v?
1
Suppose 5*r - i - 130 = -48, -3*r - 5*i + 38 = 0. What is the greatest common divisor of r and 1?
1
Let q(o) be the first derivative of -o**3/3 + 19*o**2/2 + 22*o - 31. Let z be q(20). Calculate the greatest common factor of 5 and z.
1
Let g(s) = s**2 + 6*s - 7. Let x be g(-8). What is the greatest common factor of x and 657?
9
Let m(j) = -j**3 - 3*j**2 - 3*j - 10. Let x be m(-7). Suppose 3*c + p + 2*p - x = 0, -3*c + 207 = -2*p. Calculate the greatest common factor